n s is divided by w?
8
Calculate the remainder when -2*(102/(-12) + -7) is divided by 2.
1
Let x(c) = c**2 - 3*c + 2. Let k(j) = j**2 + 14*j + 19. Let h be k(-13). Calculate the remainder when 36 is divided by x(h).
16
Let l(j) = 2*j**3 + j**2 - 12*j - 24. Calculate the remainder when l(5) is divided by 16.
15
Calculate the remainder when 1427 is divided by 5/(-2)*4284/(-105).
101
Let g(h) = 2*h**2 - 7*h + 16. What is the remainder when 59 is divided by g(4)?
19
Let a = -16 - -26. Suppose -4*y - a + 2 = 0, -5*y - 42 = -4*f. Suppose 2*s + 2*c - 3 = -7, 2*s - c - f = 0. What is the remainder when s is divided by 2?
0
Calculate the remainder when (3 + -4 - -189)/2 is divided by 34.
26
Let l be 38/8 - (7 + (-145)/20). Suppose -2*n - 6*j + 2 = -3*j, -l*j - 14 = -n. Calculate the remainder when 15 is divided by n.
3
Suppose 29*j - 45*j + 624 = 0. Suppose 2*k + 2*y - 16 = 12, 70 = 5*k - 4*y. Calculate the remainder when j is divided by k.
11
Calculate the remainder when (-7 + 28)*6/18 is divided by 1.
0
Let r(o) = 67*o + 467. Calculate the remainder when r(-5) is divided by 123.
9
Let u(j) = j + 18. Calculate the remainder when u(0) is divided by 5 - (-2 - (-7 - -12)) - 2.
8
Suppose w = -5*l + 320, l - 34*w + 35*w - 64 = 0. Calculate the remainder when 129 is divided by l.
1
Suppose 0 = 78*m - 83*m. Suppose -c + 7*p = 11*p + 2, -2*c - 4*p + 4 = m. Suppose 6 = i + 1. Calculate the remainder when c is divided by i.
1
Let x = -68 - -31. Let m = -18 - x. Let b = -29 - -66. What is the remainder when b is divided by m?
18
Calculate the remainder when 19 is divided by 54/4*(-24)/(-36).
1
Suppose -3*v - 11 = -56. What is the remainder when 4/(-10)*(10 + (-2585)/22) is divided by v?
13
Let o be ((7 + -4)/(-1))/((-2)/(-12)). Calculate the remainder when 31 is divided by 1/(6/(-3) + (-38)/o).
4
Let g(b) = b**2 - b - 2. Let x(v) = -v**3 + 2*v**2 - 2. Let o be x(2). Let y be g(o). Suppose y*s = 5*s - 1. What is the remainder when 3 is divided by s?
0
Let b = 65 - 9. Let f = b + -36. Let j = f + -12. What is the remainder when 23 is divided by j?
7
Let j(g) = -3*g + 28. Let p be j(-20). Suppose 4*v = -2*m + 44, 4*m + v - 4*v = p. Calculate the remainder when 87 is divided by m.
21
Let l = 207 - 45. What is the remainder when l is divided by 42?
36
Suppose -5 = -4*x + 19. What is the remainder when 64 is divided by x*(3 + (-4)/(-6))?
20
Suppose 3*b - 94 - 523 = -2*q, 2*q = b - 195. Let f = -140 + b. What is the remainder when f is divided by 22?
19
Suppose 8*i = 6*i + 10. Suppose -54 = -4*y - i*y. Suppose -4*q - 3*n = -n - 74, -26 = -q - 3*n. Calculate the remainder when q is divided by y.
5
Let g be (-1)/(2/4) + 4. Suppose 0 = 6*z + g*z - 120. Let f(d) = d**2 + 4*d - 1. Calculate the remainder when z is divided by f(-5).
3
Suppose 149 + 1 = -4*h + 3*o, -111 = 3*h - 3*o. Calculate the remainder when 77 is divided by (-1)/(-2 + h/(-20)).
17
Let i be 19*(4 - 1 - 2). Let u(o) = 2*o - 17. What is the remainder when u(i) is divided by 13?
8
Suppose 0 = -3*a - 3*f + 147, a + 4*f = 17 + 38. Suppose -3*i = -4*p + 47, 2*p = 2*i + i + 25. Calculate the remainder when a is divided by p.
3
Let l(b) = b**2 - 3*b + 6. Let y(c) = 3*c**2 - 2*c - 7. Calculate the remainder when y(-5) is divided by l(5).
14
Suppose 4*g + 507 = 2*t + 5*g, 4*t + 5*g = 999. What is the remainder when t is divided by 22?
14
Let i(q) = -6*q - 6. Let o be i(-2). Suppose o*f - f = -825. Let r = 235 + f. What is the remainder when r is divided by 36?
34
Let m = 18 - -6. Suppose 5*g - 3*i - 62 = 0, 0 = 12*g - 7*g + 4*i - 69. Calculate the remainder when m is divided by g.
11
Suppose -3*s - 7 = -2*y + 7*y, 0 = -s - 5*y + 1. Let b = s + 6. Suppose -3*n - p = b*n - 42, -4*n - 4*p + 24 = 0. What is the remainder when 16 is divided by n?
7
Let y(b) = -b**3 - 6*b**2 + b + 8. Let o be y(-6). Suppose o*z - 104 = -2*z. Suppose -3*s + z = -s. What is the remainder when 24 is divided by s?
11
Let s = -276 - -287. Suppose -2*w - 2 = 4. Calculate the remainder when 1/(-3)*279/w is divided by s.
9
Let k be (-68)/(-18) + (-2)/(-9). Suppose u - 50 = -k*u. What is the remainder when u is divided by (4/5)/(78/390)?
2
Let n = -42 - -71. Suppose -5*f = 15, -79*f = 2*x - 78*f - 165. Calculate the remainder when x is divided by n.
26
Suppose 3*h = -2*l + h - 2, -3*h - 4 = 4*l. Calculate the remainder when 269 is divided by (6 + 144)/5 - (4 + l).
26
Let i(v) = -v**2 - 12*v + 10. Let f(t) = 26*t**2 + t - 1. What is the remainder when f(2) is divided by i(-9)?
31
Let t(d) = 15*d**2 + 13*d - 39. Calculate the remainder when 300 is divided by t(3).
30
Let z(a) = 2*a - 3. Let x = 5 + 4. Calculate the remainder when z(9) is divided by x.
6
Suppose o + 9 = 2*f, 26 = -5*o + 5*f - 9. What is the remainder when -15*(-2 - 4/o) is divided by 12?
6
What is the remainder when (57/(-4) + 3)*10*-2 is divided by 76?
73
Suppose -c = 7*i - 25, -5*i = 4*c - 10*i - 34. What is the remainder when 180 is divided by c?
4
Suppose -a = a - 92. Let n be (a/(-8))/(1/4). Calculate the remainder when 37 is divided by -7 + 4 - (0 + n).
17
Suppose -50 = -q + 5*l, -4*q - l + 6*l + 140 = 0. Suppose q = 4*i + 6. Calculate the remainder when i is divided by (0 - 0 - -2)*1.
0
Let x(i) = -3 - 43*i - 1 - 1 + 39*i. Suppose 5*n = -4*r - 13, -13 = -0*n + 2*n - r. Calculate the remainder when 57 is divided by x(n).
12
Let v be 1 + 0 - (-55 + -1). Calculate the remainder when (-4*3/9)/((-2)/v) is divided by 10.
8
What is the remainder when 54 is divided by (5 + 6 + 37/(-3))*-12?
6
Let s(b) = -4*b + 13. Let w = 145 - 128. Calculate the remainder when s(-9) is divided by w.
15
Let w = 12 + 177. Calculate the remainder when w is divided by 24.
21
Let d be 12/16 + 266/8. Let t = -17 + d. What is the remainder when 81 is divided by t?
13
Suppose 10*j - 174 = -84. What is the remainder when 62 is divided by j?
8
Calculate the remainder when (4653/22)/((-12)/(-16)) is divided by 19.
16
Let p = 1130 - 1122. Let v(x) = -19*x. What is the remainder when v(-1) is divided by p?
3
Suppose 5*n = 3*x + 200, 2*x + 53 + 31 = 2*n. Calculate the remainder when (-9 + 7)/(8/(-284)) is divided by n.
34
Suppose 0 = -4*b + 5 + 7, -2*b - 90 = 3*s. Calculate the remainder when 28 is divided by s/(-5) - 3/(-5) - -2.
1
Let b = 28 + -22. Let i be 20/b + 2/(-6). Suppose 67 = t - 2*g, -2 = -i*g + 4*g. What is the remainder when t is divided by 13?
11
Let a = -154 + 248. Calculate the remainder when a is divided by 5.
4
Let n be ((-1)/(-6))/((-23)/(-966)). Let s = n + 13. What is the remainder when s is divided by 13?
7
Suppose -5*p + 1 + 25 = -m, m - 9 = -2*p. Suppose -5*y - 13 = -2*w, 3*w + 11*y - 8*y - 9 = 0. What is the remainder when p is divided by w?
1
What is the remainder when (-2 + -3 + -2)*399/(-49) is divided by 20?
17
Let x = -8 + 6. What is the remainder when (-10 - -16)*(-18)/x is divided by 14?
12
Let k = 1246 - 1218. Calculate the remainder when 64 is divided by k.
8
Suppose 3*u - 4*u + 10 = 0. Calculate the remainder when -2*(9/(-6) + 1) - -23 is divided by u.
4
Let c be (-4)/10 - (-51)/15. Let l = 36 + -20. What is the remainder when (-179)/(-6) + c/18 is divided by l?
14
Suppose -6*v - 351 = -9*v. Let g = 168 - v. Suppose -6*x + 52 = -2*x. Calculate the remainder when g is divided by x.
12
Let u = -31 + 35. Suppose -3*g = 6*v - 3*v - 225, -u*g + 2*v = -294. What is the remainder when g is divided by 25?
24
Let u = 35 + 14. Suppose 2*s - 10 = 4*s, 2*w = -3*s + u. What is the remainder when 62 is divided by w?
30
Let i(t) = t**2 - 8*t - 1. Let r be i(9). Suppose 0 = -f - 0 + r. Calculate the remainder when 37 is divided by f.
5
Suppose 5*z = -h - 4*h + 30, 15 = 2*h - z. Suppose g + h - 22 = -3*f, -3*f + 3*g = -15. What is the remainder when 13 is divided by f?
3
Let x(a) = -a**3 - 16*a**2 + 58*a + 40. Let l = 55 - 37. Suppose -l - 42 = -5*o. What is the remainder when x(-19) is divided by o?
9
Let p be ((-1)/(-2) - 3)*6/(-5). Suppose p*u - 98 = -5*x - 0*u, 15 = x - 4*u. What is the remainder when 12/(-8)*12*-3 is divided by x?
16
Let n = -83 - -126. Suppose 6*q - 7*q - 20 = 0. Calculate the remainder when n is divided by 36/(-8)*q/6.
13
Suppose t + 2*t - 2*o - 254 = 0, 0 = 2*t + 5*o - 182. Suppose -7*n = -8*n + 29. What is the remainder when t is divided by n?
28
Suppose 4 = 4*s + 